
What are the prime factors of 2969984620?
2, 5, 19, 809, 9661
What are the prime factors of 6802572646?
2, 41, 1613, 51431
List the prime factors of 297854544.
2, 3, 13, 197, 2423
What are the prime factors of 759003308?
2, 7, 127, 461, 463
What are the prime factors of 1433617693?
67, 21397279
What are the prime factors of 328843134?
2, 3, 2131, 8573
What are the prime factors of 87851049?
3, 11, 13, 204781
What are the prime factors of 228461984?
2, 7139437
What are the prime factors of 3318912546?
2, 3, 553152091
List the prime factors of 389171066.
2, 194585533
What are the prime factors of 1686771226?
2, 7, 677, 177967
What are the prime factors of 560537617?
17, 919, 35879
List the prime factors of 246170227.
43, 443, 12923
What are the prime factors of 850810000?
2, 5, 85081
What are the prime factors of 1032351335?
5, 206470267
What are the prime factors of 92300441?
92300441
What are the prime factors of 1006947007?
11, 163, 561599
What are the prime factors of 227861746?
2, 7, 463, 35153
What are the prime factors of 133548092?
2, 33387023
What are the prime factors of 64472229?
3, 193, 37117
List the prime factors of 31153954.
2, 13, 1198229
List the prime factors of 21503257.
131, 164147
List the prime factors of 67325262.
2, 3, 257, 43661
What are the prime factors of 138323045?
5, 7, 43, 91909
List the prime factors of 44671090.
2, 5, 19, 235111
What are the prime factors of 483396030?
2, 3, 5, 13, 413159
What are the prime factors of 41289766?
2, 7, 71, 41539
What are the prime factors of 51690208?
2, 139, 11621
What are the prime factors of 186491935?
5, 7, 19, 23, 89, 137
List the prime factors of 499421923.
7, 11, 13, 498923
List the prime factors of 2981647045.
5, 13, 45871493
What are the prime factors of 2140550157?
3, 8807, 81017
List the prime factors of 17548089.
3, 13, 449951
What are the prime factors of 2394313165?
5, 478862633
List the prime factors of 1550947.
1550947
List the prime factors of 132466765.
5, 19, 293, 4759
What are the prime factors of 66604095?
3, 5, 401, 3691
List the prime factors of 544175611.
7, 77739373
What are the prime factors of 543500165?
5, 13, 29, 373, 773
List the prime factors of 186382756.
2, 7, 6656527
List the prime factors of 267393530.
2, 5, 1229, 21757
What are the prime factors of 614305624?
2, 41, 61, 30703
List the prime factors of 2655485187.
3, 17, 6763, 7699
What are the prime factors of 1450860220?
2, 5, 72543011
List the prime factors of 60781130.
2, 5, 449, 13537
List the prime factors of 271798019.
317, 857407
What are the prime factors of 474161908?
2, 11, 10776407
What are the prime factors of 519536400?
2, 3, 5, 563, 769
What are the prime factors of 12909522?
2, 3, 37, 58151
List the prime factors of 1327557544.
2, 165944693
List the prime factors of 121751282.
2, 23, 53, 49939
List the prime factors of 5075541.
3, 20887
List the prime factors of 52838679.
3, 67, 199, 1321
List the prime factors of 1287738511.
1287738511
What are the prime factors of 119454945?
3, 5, 7963663
What are the prime factors of 15635566?
2, 2549, 3067
List the prime factors of 204805719.
3, 7585397
What are the prime factors of 56562477?
3, 787, 23957
What are the prime factors of 505865163?
3, 83, 2031587
What are the prime factors of 1002313869?
3, 47, 151247
List the prime factors of 14106207.
3, 4702069
List the prime factors of 208645713.
3, 223, 11551
List the prime factors of 33755882.
2, 239, 70619
List the prime factors of 46306229.
197, 235057
What are the prime factors of 315255004?
2, 17, 199, 23297
List the prime factors of 38522543.
461, 83563
What are the prime factors of 2301673693?
11, 263, 795601
List the prime factors of 1706504104.
2, 11287, 18899
What are the prime factors of 130782642?
2, 3, 37, 589111
List the prime factors of 1496157396.
2, 3, 271, 460073
What are the prime factors of 609903497?
7, 1697, 51343
What are the prime factors of 77013967?
1069, 72043
List the prime factors of 86642588.
2, 4523, 4789
List the prime factors of 2123571713.
173, 12274981
What are the prime factors of 33258592?
2, 29, 35839
List the prime factors of 124758207.
3, 7, 1980289
List the prime factors of 67753072.
2, 379, 11173
What are the prime factors of 69913887?
3, 23304629
List the prime factors of 487315102.
2, 31, 59, 101, 1319
What are the prime factors of 91715720?
2, 5, 23, 131, 761
What are the prime factors of 184380588?
2, 3, 7, 89, 8221
List the prime factors of 86193689.
17, 5070217
What are the prime factors of 145124627?
3391, 42797
List the prime factors of 138323941.
7, 2399, 8237
List the prime factors of 3975314800.
2, 5, 227, 43781
What are the prime factors of 353662274?
2, 7, 25261591
List the prime factors of 967790713.
509, 1901357
What are the prime factors of 196157277?
3, 1217, 17909
What are the prime factors of 32071877?
17, 433, 4357
What are the prime factors of 2679368252?
2, 11, 103, 311, 1901
What are the prime factors of 119214662?
2, 7, 43, 198031
List the prime factors of 1375172649.
3, 59, 2589779
List the prime factors of 2139064877.
2139064877
What are the prime factors of 151328498?
2, 75664249
What are the prime factors of 63903873?
3, 11, 113, 17137
What are the prime factors of 901991923?
7, 41, 3142829
What are the prime factors of 67297085?
5, 2753, 4889
What are the prime factors of 680770993?
7, 97252999
List the prime factors of 197639814.
2, 3, 29, 1135861
What are the prime factors of 165966034?
2, 13, 149, 42841
List the prime factors of 28512568.
2, 7, 29, 97, 181
List the prime factors of 438931794.
2, 3, 7, 173, 193, 313
What are the prime factors of 109559644?
2, 27389911
What are the prime factors of 537636131?
31, 17343101
What are the prime factors of 194117019?
3, 64705673
What are the prime factors of 2373463711?
103, 2237, 10301
List the prime factors of 3217238430.
2, 3, 5, 7, 37, 41, 10099
List the prime factors of 86042401.
86042401
What are the prime factors of 16678359?
3, 617717
What are the prime factors of 181557214?
2, 90778607
What are the prime factors of 3054621?
3, 1018207
List the prime factors of 26162455.
5, 11, 475681
What are the prime factors of 83664943?
103, 812281
List the prime factors of 382841014.
2, 191420507
List the prime factors of 88651577.
7, 12664511
List the prime factors of 64138012.
2, 1171, 13693
What are the prime factors of 771923060?
2, 5, 499, 77347
What are the prime factors of 1594127156?
2, 11987, 33247
What are the prime factors of 2690488851?
3, 896829617
What are the prime factors of 77719075?
5, 7, 444109
What are the prime factors of 171538931?
171538931
What are the prime factors of 233483272?
2, 11, 2653219
What are the prime factors of 430174433?
13, 283, 116927
List the prime factors of 1192937875.
5, 337, 28319
List the prime factors of 309821143.
309821143
List the prime factors of 583438077.
3, 41, 67, 23599
List the prime factors of 1150727728.
2, 797, 90239
List the prime factors of 105765390.
2, 3, 5, 1021, 1151
List the prime factors of 125559079.
125559079
List the prime factors of 622723207.
622723207
List the prime factors of 23484708.
2, 3, 13, 43, 389
What are the prime factors of 296674973?
7, 17, 53, 2767
What are the prime factors of 347494620?
2, 3, 5, 11, 17, 30971
List the prime factors of 682155076.
2, 439, 388471
What are the prime factors of 1513507259?
11, 137591569
What are the prime factors of 9293124?
2, 3, 774427
What are the prime factors of 906549510?
2, 3, 5, 257, 307, 383
List the prime factors of 1156339120.
2, 5, 47, 307537
What are the prime factors of 2252778324?
2, 3, 17, 89, 127, 977
List the prime factors of 238206856.
2, 17, 109, 16069
List the prime factors of 3964487360.
2, 5, 12389023
List the prime factors of 1539446318.
2, 83, 9273773
List the prime factors of 11246040.
2, 3, 5, 13, 89
What are the prime factors of 2396952772?
2, 53, 11306381
What are the prime factors of 45925709?
3701, 12409
What are the prime factors of 755055208?
2, 109, 865889
What are the prime factors of 53516347?
1213, 44119
List the prime factors of 224268215.
5, 4423, 10141
List the prime factors of 849277875.
3, 5, 23, 98467
What are the prime factors of 246891957?
3, 13, 149, 42487
List the prime factors of 60107808.
2, 3, 43, 14561
What ar